(99/165)/((-28)/(-75) - 4/12). Let b(l) = l**2 - 24*l + 130. Determine b(c).
-5
Let m(c) = 3*c - 22. Let n(s) be the second derivative of -5*s**3/3 + 197*s**2/2 + 5*s. Let w be n(19). Calculate m(w).
-1
Let l(u) = 2*u**3 - 14*u**2 + 6. Let i = -4181 - -4188. What is l(i)?
6
Let o = -2434 + 2442. Let k(x) = -x**3 + 10*x**2 - 10*x + 8. Give k(o).
56
Let p = -73 + 79. Suppose 2*s = -5*a + 31, -a + s + p = 4. Suppose -a*h - 35 = -75. Let r(k) = k**2 - 9*k + 7. Determine r(h).
-1
Let l(t) = t - 18. Let x(r) = 44*r - 345. Let y be x(8). What is l(y)?
-11
Let c(p) = p**2 + 28*p. Let a = 801 - 829. Determine c(a).
0
Suppose -196*p = 316 - 1100. Let g(s) = -3*s**3 + 25*s**2 - 12*s - 19. Let r(q) = -2*q**3 + 17*q**2 - 8*q - 13. Let i(c) = -5*g(c) + 7*r(c). Calculate i(p).
-12
Let k(v) = 12*v - 3. Let o(h) = 26*h - 30. Let f(s) = 2*k(s) - o(s). Determine f(-19).
62
Let s(a) be the third derivative of -10*a**2 - 1/12*a**4 + 1/2*a**3 + 0 + 2*a. Determine s(-7).
17
Let x(c) = -2*c + 13. Let w be x(7). Let q(i) = -2067*i + 5 - 8*i**2 - 4 + 1034*i + 1035*i. What is q(w)?
-9
Let u(c) = c**3 + 8*c**2 - 10*c - 8. Let l = -232 - -213. Let v = l + 10. Determine u(v).
1
Let y(q) = -q**2 + 6. Let i be y(4). Let c = i - -10. Suppose -5*w + 10 = 6*r - r, c = 3*w + 4*r - 9. Let x(s) = -15*s**3 - s**2 - s. What is x(w)?
15
Let b(s) be the second derivative of -s**5/20 - s**4/12 + 5*s**2/2 - 2187*s - 1. Suppose v + v = 0. Give b(v).
5
Let r(l) = l - 1 + 3*l**3 + l + 2. Let d(p) = 7*p**2 - 13*p + 27. Let n be d(7). Let o = n - 280. Give r(o).
-4
Let w = -17 + 10. Let l(r) = -4*r + 7. Let u be l(1). Let y(t) = -61*t**3 - 1 - 56*t**3 + 8*t - 6*t**2 - 64*t**3 + 180*t**u. Determine y(w).
-8
Let u(n) = n**3 - 4*n**2 - 2*n + 4. Suppose -3*p = 5*i - 10, i - 5*p + 30 = -4*i. Let d be (0 - i)*(-11 + 14). Determine u(d).
-11
Let a(l) = 3*l - 13. Let n(d) = 4*d - 16. Let h(j) = 5*a(j) - 4*n(j). Suppose -z = -3*f - 2*z + 12, -10 = f + 5*z. What is h(f)?
-6
Let i(p) = -47*p**2 + 1. Let r(y) = -44*y + 87. Let d be r(2). Give i(d).
-46
Let n(k) be the third derivative of k**4/8 + 2*k**3 + 2*k**2 + 2885*k. What is n(16)?
60
Let g = -110 + 169. Let l be 1020/(-136)*(-36)/(-5). Let q = g + l. Let f(x) = -x**3 + 6*x**2 - 6*x - 3. Calculate f(q).
-8
Let m(c) be the second derivative of c**5/20 + c**4/3 + c**3/6 + c**2 + 18*c - 1. Give m(-3).
8
Let p(o) = 6*o - 2. Let c(w) = -w**3 + 3*w**2 + 24*w - 15. Let i be c(6). Let m be 116/(-6) - (-2)/6. Let j = m + i. Give p(j).
10
Let m(a) = a**3 + 6*a**2 - 8*a - 8. Suppose -7*f + 4*o = -2*f + 54, 0 = f - 2*o + 18. Give m(f).
40
Let j(v) = -v**3 + 17*v**2 - 16*v + 13. Let u be (-816)/(-51)*(-3 - 4*-1). Give j(u).
13
Let q = 143739 - 143736. Let h(t) = 3*t**2 + 2*t - 14. Let v(y) = -2*y**2 - y + 9. Let j(z) = -5*h(z) - 8*v(z). What is j(q)?
1
Let c(u) = -u**3 - 8 - 65*u - 5*u**2 + 36*u + 35*u. Let p be c(-6). Let y(h) = -h**2 - 9*h - 11. Calculate y(p).
-3
Let c = 108 - 105. Suppose -t - c*u = -2*t + 8, 2*t + 5*u - 38 = 0. Let o be 24/(-28)*t/(-4). Let a(i) = -5*i + 4. Calculate a(o).
-11
Let a(d) = 4*d + 41. Let g(l) = -l**2 - 68*l - 10. Let q be g(0). What is a(q)?
1
Let w be -1 - (-3 + (-4 - -2)). Suppose -w*o + 2*h = -12, -4*o + 2*h + 4 = -2*h. Let s(r) = -3*r - 3*r**2 + r**3 + 7 + 0*r - r**2 - 4*r. Calculate s(o).
-3
Let p(q) = q - 8. Let f be p(4). Let h(u) = -u**2 - 6*u - 3. Let n be h(f). Let r(v) = -69*v - 5*v - 10*v + 1 - 3 + 85*v. Determine r(n).
3
Let c(x) = x**2 - 2*x**2 + 7*x**2 - 4*x**2 - 7 + 16*x - 10*x. Suppose -225 = 39*w + 6*w. Determine c(w).
13
Suppose 4*u - 3*x + 4 = -1, 5*u - 2*x = -15. Let m(b) = -3*b**2 - 91566*b + 91563*b + 1 - b**3 - 3*b**2. What is m(u)?
-9
Let c = 130 - 116. Let z(u) = -c*u - 1 + 33*u + 1 - 20*u. Give z(-1).
1
Let v(d) be the third derivative of d**6/120 + d**5/20 + d**4/8 + d**3/2 - 78*d**2 + 8*d - 1. Let m = 23 - 25. Determine v(m).
1
Let y(k) be the first derivative of -k**4/4 - 19*k**3/3 - 17*k**2 + k + 12. What is y(-17)?
1
Let g(h) be the third derivative of h**5/60 - 7*h**4/24 + 2*h**3/3 - h**2. Let y(l) = -15*l + 6*l + 22*l - 2 + 2*l**2. Let t be y(-7). What is g(t)?
-6
Let z(j) be the third derivative of j**8/20160 - j**7/560 - j**5/5 + j**4/24 + 5*j**2 + 3*j. Let r(u) be the third derivative of z(u). Give r(9).
0
Let d = -86 - -94. Let n be (-28)/d*28/(-49). Let u(g) = 2 - 19*g + g**n - 5 + 9*g + 10. Determine u(6).
-17
Let k be (-7)/(-9)*(-579)/(-5404). Let d(l) be the second derivative of -1/3*l**3 - 3/2*l**2 + 0 - k*l**4 - 39*l. Determine d(-6).
-27
Let u(m) be the first derivative of -4*m**3/3 - 29*m**2/2 - 16*m + 9312. Give u(-7).
-9
Let y(i) be the third derivative of -i**5/60 + 3*i**4/8 + i**3/6 - 414*i**2. Suppose o + 20 = 29. What is y(o)?
1
Let n(q) = -104*q**2 + 0*q + 4 - 6*q + 3*q**3 + 106*q**2 + 4*q**3. Calculate n(1).
7
Let q(u) = 29*u + 5. Let p(w) = 1 + 747*w - 753*w - 2. Let c(o) = 4*p(o) + q(o). Determine c(-4).
-19
Suppose -c + 28 = -q + 27, q + 17 = 5*c. Let x(f) = 0*f**2 - 8 + 2*f**2 - 2*f**2 + c*f**2 - 5*f**2 - 16*f. Calculate x(-15).
7
Suppose -22*v + 2*v = 7*v - 189. Let h(w) = 3 - 4 - w + 4 + 0. Calculate h(v).
-4
Let v(k) be the third derivative of -k**6/120 - 2*k**5/15 - 7*k**4/24 - 3*k**3/2 + 8*k**2. Let c(h) = -129*h - 394. Let w be c(-3). Give v(w).
-9
Let x be (18 - -17) + 15/9*3. Let m(c) = -85 + c + x + 46 + 4*c**2. Calculate m(-1).
4
Let u(w) = w**2 - 1. Let d be u(1). Suppose 7*p - 6*p - 7 = d. Let s(y) = y**2 - 7*y + 6. Let l be s(p). Let n(f) = f**2 - 8*f. Calculate n(l).
-12
Let t = 5879 - 5870. Let g(c) = c**3 - 10*c**2 + 11*c + 17. Give g(t).
35
Let c(o) = -o**3 - 20*o**2 - 19*o + 10. Suppose 50 = 13*v - 15*v - 2*l, 0 = 3*v + 5*l + 87. Give c(v).
10
Let r(x) = 3*x**2 - 23*x + 20. Let b be -4*(86/43)/(-1*1). Give r(b).
28
Let n(d) = -4*d**2 + 4*d - 2. Let j(u) = -u**3 + 5*u**2 + u - 9. Let i(y) = y**2 - 14*y + 51. Let p be i(8). Let z be j(p). Let l be 48/z*(-2)/(-4). Give n(l).
-10
Let v(b) = 10*b**3 + 41*b**2 + 25*b - 11. Let j(m) = 11*m**3 + 46*m**2 + 27*m - 11. Let i(l) = -9*j(l) + 10*v(l). What is i(5)?
49
Let s(y) = -10569 - 10570 - 2*y - 3*y**3 + 31708 - 10566 + 4*y**3 + 2*y**2. Suppose -3*j + 3 + 6 = 0. What is s(j)?
42
Suppose -61*b + 38*b + 196 = -37*b. Let i(o) = o**3 + 15*o**2 + 22*o + 108. Calculate i(b).
-4
Let c(b) = -b - 9. Let n(i) = -2*i**2 - 33*i - 21. Let x be n(-15). Let u be 124/(-806) - (x/13 - 2). Give c(u).
-9
Let n(t) = -t**3 + 3*t**2 + 2*t - 1. Suppose -3*b + 1019 = -4*w + 2*w, w + 1362 = 4*b. Suppose 3*v = b - 335. What is n(v)?
7
Let t(l) = -l**3 + 8*l**2 - 7*l - 6. Let y = 188 + -185. Suppose -3*m + 3*s = -21, -y*m + 12*s + 21 = 14*s. Give t(m).
-6
Let d(y) be the second derivative of -8*y**3/3 + 369*y**2/2 + y - 1220. Give d(23).
1
Let l(t) be the first derivative of 9*t**2 - 71*t - 2918. Determine l(4).
1
Suppose 6*p - 5*p = 175. Let q = -169 + p. Let k(f) be the first derivative of f**2/2 - 6*f + 8. Calculate k(q).
0
Suppose -75 - 123 = -33*q. Let w(u) = -2*u + 16. Calculate w(q).
4
Let l be ((-24)/30)/((-1)/355). Suppose 2*s - l = -276. Let f(h) = -h**3 + 5*h**2 - h + 2. Determine f(s).
14
Suppose -22*b + 5 = -17*b. Let j(w) = -83*w**2 - b + 29*w - 18*w - 21*w + 82*w**2. Give j(-7).
20
Let a be (-3)/12 + (-102)/(-24). Let j(f) = 9*f**2 + 15*f + 28. Let g(p) = -5*p**2 - 7*p - 14. Let s(r) = a*j(r) + 7*g(r). Determine s(-9).
-4
Let b(s) = -13*s - 544 - 10*s - 17*s + 7*s - 16*s. Calculate b(-11).
-5
Let b(m) = -101*m + 2*m**2 - 59*m + 156*m + 4*m**2 + 4. Give b(-2).
36
Let r(p) = 11*p + 34. Let k(b) = -3. Let a(n) = 3*k(n) + r(n). Determine a(-3).
-8
Let p(u) be the first derivative of -u**4/4 - 4*u**3 - 6*u**2 - 4*u + 304. What is p(-11)?
7
Suppose -23*c = -9*c - 98. Let i(d) = -9 - c*d + 10 + 5*d + d. What is i(3)?
-2
Let s(q) = -5*q**3 + 5*q**2 - q - 17. Let x(k) = -10*k**3 + 11*k**2 - 3*k - 38. Let b(f) = -7*s(f) + 3*x(f). Calculate b(2).
33
Let s(g) = g**2 + 36*g + 54. Let c = -43436 - -43401. What is s(c)?
19
Let h = -1269 + 1275. Let v(z) be the first derivative of -h*z + 4 - 1/3*z**3 - 7/2*z**2. Calculate v(-5).
4
Let y be 272/(-5) - 2/(-5). Suppose -72*h + 8134 = 138*h - 44*h. Let w = y + h. Let n(p) = -p**3 - 6*p**2 - 7*p - 3. Give n(w).
7
Let d(g) = -9*g - 4. Let z be (-2)/((-12)/(-42)) + 9. Suppose -5*t = -2*f 